1302333232
In base 11, what is -a8 - 131?
-229
In base 3, what is 1 + -1000021212?
-1000021211
In base 9, what is -205 + 151?
-44
In base 14, what is -21 - -9d3?
9b2
In base 16, what is -2d + 212?
1e5
In base 6, what is -11304 + -451?
-12155
In base 13, what is c4a9 - 3?
c4a6
In base 6, what is -4231 - 433?
-5104
In base 11, what is -1442 - aa?
-1541
In base 15, what is 60ba + -4?
60b6
In base 2, what is -11 + -110011100001001111100?
-110011100001001111111
In base 13, what is 1 - -6abb?
6abc
In base 7, what is 42 - 66346?
-66304
In base 5, what is 1133024 - 21?
1133003
In base 12, what is -4 + 1a269a?
1a2696
In base 10, what is -261635 + 2?
-261633
In base 3, what is 2012121 + 1112?
2021010
In base 5, what is -301101014 + -1?
-301101020
In base 12, what is 4b + -415?
-386
In base 15, what is -5c696 - 1?
-5c697
In base 4, what is -1003 + 331302?
330233
In base 6, what is -114553 - -10?
-114543
In base 2, what is -10111101110101000 + -1110?
-10111101110110110
In base 9, what is 68 + 366?
445
In base 11, what is -16294 - -2?
-16292
In base 5, what is 43032 - -200?
43232
In base 3, what is -2122 + -21021102?
-21101001
In base 16, what is 31eb - 38?
31b3
In base 13, what is -17b + 185a?
16ac
In base 15, what is -21b - -30d?
e2
In base 10, what is 111 + -5833?
-5722
In base 12, what is -1 - -9161?
9160
In base 14, what is 17 + 715?
72c
In base 10, what is 1 + -263414?
-263413
In base 12, what is -a96 + 17?
-a7b
In base 10, what is 2 - -6532?
6534
In base 11, what is 22210 - 3?
22208
In base 5, what is -12401 + 313?
-12033
In base 10, what is -2239 + -102?
-2341
In base 4, what is 20 - 2212323?
-2212303
In base 16, what is 26 + -3da?
-3b4
In base 8, what is -1 + -60471?
-60472
In base 14, what is 1 + -20527?
-20526
In base 6, what is -41 + 123052?
123011
In base 6, what is 451100031 + -5?
451100022
In base 2, what is -100011010100100010 - 1001?
-100011010100101011
In base 15, what is 4833 - 67?
47bb
In base 7, what is 13 - -14416?
14432
In base 3, what is 1202011102 + 11?
1202011120
In base 3, what is 21021 + 21022221?
21121012
In base 12, what is -767 + -16?
-781
In base 5, what is 2201 + 20024?
22230
In base 10, what is -5 - -6160?
6155
In base 4, what is -1122 + 232321?
231133
In base 12, what is 11a8 + -7b?
1129
In base 12, what is 3 + -469?
-466
In base 3, what is 0 + -2200210111?
-2200210111
In base 13, what is 5 - 9c3?
-9bb
In base 5, what is 142002120 + -2?
142002113
In base 9, what is 7712114 - -4?
7712118
In base 9, what is 2251 + 4?
2255
In base 14, what is 4 - -5213?
5217
In base 10, what is -2581 + 5?
-2576
In base 12, what is -1 - -8904?
8903
In base 5, what is -202200 - -3?
-202142
In base 10, what is -5 + -416148?
-416153
In base 10, what is 1 + -39098?
-39097
In base 14, what is -15aa9 - -2?
-15aa7
In base 8, what is -52 - -613?
541
In base 6, what is 1 - -12114154?
12114155
In base 12, what is -96783 + 2?
-96781
In base 8, what is -23110 - 43?
-23153
In base 12, what is -5 - 3458?
-3461
In base 6, what is -3205 + 3152?
-13
In base 15, what is 2073 - -ca?
214d
In base 7, what is -2 + 330024?
330022
In base 3, what is 10022221222 + -112?
10022221110
In base 16, what is -b - df2?
-dfd
In base 9, what is 124686 - -1?
124687
In base 3, what is -110010210 - -1?
-110010202
In base 11, what is -14 + 225?
211
In base 10, what is -66448 - 1?
-66449
In base 13, what is 498 + 5a?
525
In base 16, what is -4efa8 - 0?
-4efa8
In base 6, what is -22431545 + -1?
-22431550
In base 13, what is 61c8 - 0?
61c8
In base 13, what is 1 - -70a34?
70a35
In base 14, what is -7329 - -c?
-731b
In base 13, what is 24c182 - -1?
24c183
In base 6, what is -2311 - -1531?
-340
In base 13, what is -1a5c + 2?
-1a5a
In base 7, what is 2 - 256201?
-256166
In base 10, what is -44 - -1280?
1236
In base 2, what is 101 + -110011111100011001101?
-110011111100011001000
In base 13, what is -206 - 9b?
-2a4
In base 2, what is -1000000110100100110 - -100?
-1000000110100100010
In base 15, what is -1569 - 3?
-156c
In base 16, what is -1b28 + d7?
-1a51
In base 14, what is 28 - c2a?
-c02
In base 12, what is 4 + 3329?
3331
In base 5, what is -244201 + 11?
-244140
In base 16, what is -39 - 19fc?
-1a35
In base 15, what is -18 + -eab?
-ec4
In base 6, what is 332 + 332121?
332453
In base 14, what is 26cb9b - 2?
26cb99
In base 4, what is 210313320 + 22?
210320002
In base 3, what is -1010 - 222000210?
-222001220
In base 11, what is -2 + -2293a0?
-2293a2
In base 7, what is 66 + 65151?
65250
In base 11, what is -551 - -395?
-167
In base 3, what is 222122200 - 211?
222121212
In base 3, what is 12 - 222120120?
-222120101
In base 3, what is -1002221110 - -121?
-1002220212
In base 10, what is 2 - -29021?
29023
In base 5, what is 2 - -4330?
4332
In base 5, what is -41 + -144012?
-144103
In base 10, what is 5 + -28442?
-28437
In base 14, what is b33 - -3b?
b70
In base 7, what is -43 - 24424?
-24500
In base 12, what is -3 + -6315?
-6318
In base 5, what is -224131 - -114?
-224012
In base 9, what is -22361 - -3?
-22357
In base 14, what is 22394 + -4?
22390
In base 13, what is -8 - 5851?
-5859
In base 3, what is 21 - 121100211?
-121100120
In base 6, what is 3003001 - 5?
3002552
In base 14, what is 0 + 19398?
19398
In base 11, what is 2 + -4408?
-4406
In base 13, what is -1 - 14a788?
-14a789
In base 8, what is 11577 + 23?
11622
In base 14, what is -b + b3cab?
b3ca0
In base 9, what is 4 + 42386?
42401
In base 16, what is 4 + -312?
-30e
In base 2, what is -10 - -101100100100010010?
101100100100010000
In base 9, what is 540417 - -4?
540422
In base 16, what is 2 - -21eac?
21eae
In base 13, what is -251 - -1236?
cb5
In base 8, what is 1 - 76224?
-76223
In base 11, what is 17 - 35005?
-34a99
In base 3, what is -20 - -11112012001?
11112011211
In base 7, what is 51624 + 4?
51631
In base 14, what is -2 - -72cb?
72c9
In base 10, what is 701 + -328?
373
In base 11, what is -1136 - -37?
-10aa
In base 9, what is -2442 + 5?
-2436
In base 8, what is -7 + -1752?
-1761
In base 11, what is -5 - -a7a03?
a79a9
In base 7, what is 135653 - 11?
135642
In base 7, what is 314242 + -2?
314240
In base 5, what is 2 + -2123032?
-2123030
In base 6, what is 130553 - -4?
131001
In base 13, what is a3a - -212?
c4c
In base 15, what is -5cb + -1c?
-5e8
In base 14, what is -1 - -1ad?
1ac
In base 11, what is -30826 + 2?
-30824
In base 6, what is -1302545 + -2?
-1302551
In base 11, what is 10027 - -9?
10035
In base 10, what is -8 - 233854?
-233862
In base 4, what is 11 + 11031320?
11031331
In base 8, what is 13271 - -5?
13276
In base 10, what is -287930 + 0?
-287930
In base 7, what is -162 - -53440?
53245
In base 6, what is 21550 + 1?
21551
In base 15, what is 4ca0 + -31?
4c6e
In base 5, what is -123020 - 102?
-123122
In base 15, what is -208 + -4b0?
-6b8
In base 14, what is 8 - 346a?
-3462
In base 15, what is -2c6be - -4?
-2c6ba
In base 9, what is 201 + -1151?
-850
In base 12, what is 25 - 695a3?
-6957a
In base 4, what is 13223 + 12112?
32001
In base 8, what is -2107 - -610?
-1277
In base 12, what is 5a32 + -34?
59ba
In base 12, what is 5 - 23a94?
-23a8b
In base 14, what is -1 - 10a3d2?
-10a3d3
In base 16, what is f6 - -3b4?
4aa
In base 8, what is -4633160 + 3?
-4633155
In base 11, what is -2 - 1a181?
-1a183
In base 13, what is 729 - -13a8?
1b04
In base 8, what is -2 - 12151?
-12153
In base 5, what is 112423 - 110?
112313
In base 9, what is 4 + -1205718?
-1205714
In base 8, what is 14 + 470350?
470364
In base 3, what is -2021100 - 1212?
-2100012
In base 15, what is 30 - 1c0?
-190
In base 6, what is 4 - -101434?
101442
In base 13, what is -c26 + 297?
-95c
In base 2, what is -1111001101101010 + -100?
-1111001101101110
In base 12, what is -4b + -5a5?
-634
In base 4, what is -22030231321 - -2?
-22030231313
In base 4, what is -2 - -122223222?
122223220
In base 10, what is 104114 + -1?
104113
In base 11, what is 110a - -244?
1353
In base 11, what is -15 + -a3417?
-a3431
In base 10, what is -149 - 549?
-698
In base 2, what is 110010111 + 1100100010?
10010111001
In base 4, what is -1120 + -13212003?
-13213123
In base 10, what is 0 + 40078?
40078
In base 10, what is 50939 - 0?
50939
In base 13, what is 6 - -162b?
1634
In base 6, what is -1520 - -135?
-1341
In base 9, what is -22 - 2001?
-2023
In base 6, what is -251220 + -5?
-251225
In base 3, wh